s 8 a factor of 28224?
True
Is 34 a factor of 12002?
True
Is 12 a factor of 12?
True
Is 855 a multiple of 19?
True
Is 132 a factor of 50152?
False
Does 43 divide 3182?
True
Does 36 divide 1020?
False
Does 7 divide 9869?
False
Does 9 divide 846?
True
Is 53 a factor of 12349?
True
Is 65 a factor of 372?
False
Is 282 a multiple of 38?
False
Is 51 a factor of 76398?
True
Is 26 a factor of 1612?
True
Does 77 divide 3473?
False
Does 58 divide 1044?
True
Is 16 a factor of 228?
False
Does 85 divide 8415?
True
Is 336 a multiple of 28?
True
Is 115 a factor of 43470?
True
Is 7151 a multiple of 89?
False
Is 59254 a multiple of 106?
True
Is 37 a factor of 4218?
True
Is 46 a factor of 506?
True
Is 4678 a multiple of 46?
False
Is 13575 a multiple of 112?
False
Is 234 a multiple of 39?
True
Does 5 divide 10285?
True
Does 64 divide 1024?
True
Does 28 divide 3478?
False
Is 2286 a multiple of 13?
False
Is 57 a factor of 57?
True
Does 49 divide 634?
False
Is 3648 a multiple of 42?
False
Is 329 a factor of 130613?
True
Is 2360 a multiple of 11?
False
Is 1450 a multiple of 58?
True
Is 2981 a multiple of 112?
False
Does 9 divide 99?
True
Does 24 divide 2519?
False
Does 9 divide 495?
True
Is 15 a factor of 1170?
True
Does 58 divide 1641?
False
Does 63 divide 252?
True
Does 16 divide 1068?
False
Is 5 a factor of 935?
True
Is 15 a factor of 609?
False
Is 17 a factor of 16541?
True
Is 6 a factor of 14562?
True
Does 46 divide 2622?
True
Is 11 a factor of 104258?
True
Is 8838 a multiple of 68?
False
Is 29 a factor of 11638?
False
Does 13 divide 64335?
False
Is 8798 a multiple of 3?
False
Is 108 a factor of 3888?
True
Is 53 a factor of 35057?
False
Is 42 a factor of 4830?
True
Is 59 a factor of 3655?
False
Does 11 divide 3332?
False
Is 25 a factor of 290?
False
Is 77 a factor of 2471?
False
Is 458 a multiple of 9?
False
Is 36 a factor of 20952?
True
Is 1208 a multiple of 22?
False
Does 44 divide 8844?
True
Is 11 a factor of 1661?
True
Is 5 a factor of 10?
True
Is 242 a factor of 57354?
True
Does 83 divide 1111?
False
Does 28 divide 23255?
False
Does 51 divide 1938?
True
Is 13 a factor of 949?
True
Does 26 divide 1040?
True
Is 3757 a multiple of 13?
True
Is 27510 a multiple of 131?
True
Is 5841 a multiple of 7?
False
Is 19 a factor of 47348?
True
Is 189 a multiple of 27?
True
Is 46 a factor of 648?
False
Is 345 a multiple of 37?
False
Does 26 divide 11270?
False
Does 18 divide 136?
False
Is 127 a multiple of 2?
False
Does 13 divide 226?
False
Is 28 a factor of 9002?
False
Does 33 divide 1254?
True
Is 3461 a multiple of 20?
False
Is 126084 a multiple of 399?
True
Is 541 a multiple of 26?
False
Is 2651 a multiple of 8?
False
Is 39996 a multiple of 6?
True
Is 103389 a multiple of 11?
True
Is 1592 a multiple of 52?
False
Is 8 a factor of 28?
False
Is 20 a factor of 3120?
True
Is 5 a factor of 845?
True
Is 667 a multiple of 61?
False
Does 83 divide 1660?
True
Is 31 a factor of 9343?
False
Is 81620 a multiple of 14?
True
Is 106778 a multiple of 79?
False
Is 43 a multiple of 5?
False
Is 8 a factor of 624?
True
Is 131 a factor of 786?
True
Is 12 a factor of 156?
True
Is 7 a factor of 375?
False
Is 51648 a multiple of 32?
True
Is 19 a factor of 7312?
False
Is 41 a factor of 6274?
False
Is 7720 a multiple of 51?
False
Is 5 a factor of 535?
True
Is 8893 a multiple of 16?
False
Is 15 a factor of 2340?
True
Does 49 divide 520?
False
Is 24 a factor of 123816?
True
Is 18 a factor of 16209?
False
Is 490 a multiple of 9?
False
Is 31 a factor of 465?
True
Is 1771 a multiple of 12?
False
Is 18936 a multiple of 6?
True
Is 12234 a multiple of 42?
False
Does 15 divide 32985?
True
Does 9 divide 42959?
False
Is 25 a factor of 1065?
False
Does 8 divide 2174?
False
Does 8 divide 1808?
True
Is 2655 a multiple of 5?
True
Is 51 a factor of 33303?
True
Is 6 a factor of 66896?
False
Does 68 divide 9044?
True
Is 36 a factor of 603?
False
Is 44 a factor of 2011?
False
Is 6893 a multiple of 113?
True
Is 305 a multiple of 5?
True
Does 24 divide 951?
False
Does 20 divide 1464?
False
Is 24 a factor of 895?
False
Does 207 divide 51482?
False
Is 576 a multiple of 16?
True
Is 30 a factor of 7650?
True
Does 8 divide 30?
False
Does 25 divide 3943?
False
Does 543 divide 72322?
False
Is 63 a factor of 9493?
False
Does 22 divide 683?
False
Is 775 a multiple of 5?
True
Is 2504 a multiple of 115?
False
Does 6 divide 5280?
True
Does 29 divide 5017?
True
Is 55 a factor of 2534?
False
Does 19 divide 2470?
True
Is 823 a multiple of 31?
False
Does 12 divide 417?
False
Is 42977 a multiple of 6?
False
Does 42 divide 4261?
False
Is 58520 a multiple of 22?
True
Is 144 a factor of 4752?
True
Is 5177 a multiple of 84?
False
Is 3120 a multiple of 104?
True
Is 21 a factor of 252?
True
Does 7 divide 496?
False
Is 16344 a multiple of 22?
False
Is 1533 a multiple of 21?
True
Does 5 divide 217?
False
Does 3 divide 2763?
True
Is 14231 a multiple of 7?
True
Is 1610 a multiple of 11?
False
Does 75 divide 1125?
True
Does 28 divide 24704?
False
Is 272 a multiple of 16?
True
Is 11 a factor of 47800?
False
Does 42 divide 16674?
True
Is 230 a factor of 13032?
False
Is 28358 a multiple of 22?
True
Is 24912 a multiple of 11?
False
Is 62 a factor of 11780?
True
Does 71 divide 5183?
True
Does 9 divide 33705?
True
Does 12 divide 34251?
False
Is 93 a factor of 20832?
True
Does 20 divide 18780?
True
Is 3 a factor of 207?
True
Is 11620 a multiple of 14?
True
Does 30 divide 6420?
True
Is 358 a multiple of 8?
False
Is 83 a factor of 1918?
False
Is 1122 a multiple of 66?
True
Is 1184 a multiple of 16?
True
Is 2856 a multiple of 16?
False
Is 619 a multiple of 6?
False
Is 40 a factor of 920?
True
Is 9380 a multiple of 14?
True
Does 347 divide 44416?
True
Does 7 divide 449?
False
Is 538 a multiple of 13?
False
Does 141 divide 53016?
True
Is 37 a factor of 2208?
False
Does 3 divide 79?
False
Is 21 a factor of 1693?
False
Is 30 a factor of 5768?
False
Is 2749 a multiple of 18?
False
Is 468 a multiple of 7?
False
Is 67 a factor of 4012?
False
Is 2 a factor of 270?
True
Is 270 a multiple of 9?
True
Is 15 a multiple of 5?
True
Is 8466 a multiple of 55?
False
Is 6 a factor of 35632?
False
Does 83 divide 138527?
True
Is 6 a factor of 11826?
True
Does 54 divide 1296?
True
Is 13 a factor of 1105?
True
Does 10 divide 1796?
False
Is 23 a factor of 20815?
True
Is 2410 a multiple of 14?
False
Is 256 a multiple of 32?
True
Does 46 divide 54018?
False
Does 15 divide 600?
True
Is 72 a multiple of 18?
True
Does 30 divide 2494?
False
Is 75 a factor of 406?
False
Is 1351 even?
False
Does 46 divide 15040?
False
Is 40 a factor of 1588?
False
Does 24 divide 1704?
True
Is 29 a factor of 39182?
False
Is 1091 a multiple of 6?
False
Is 740 a multiple of 16?
False
Does 16 divide 262?
False
Is 11 a factor of 231?
True
Is 11 a factor of 79860?
True
Is 22 a factor of 45033?
False
Is 27474 a multiple of 241?
True
Is 86514 a multiple of 223?
False
Does 15 divide 711?
False
Does 173 divide 2768?
True
Does 19 divide 184?
False
Is 3616 a multiple of 113?
True
Does 139 divide 459?
False
Is 15280 a multiple of 80?
True
Is 3 a factor of 16?
False
Does 9 divide 17064?
True
Does 72 divide 35475?
False
Is 16 a factor of 115?
False
Is 14 a factor of 23870?
True
Is 10 a factor of 48?
False
Is 58 a factor of 928?
True
Is 21321 a multiple of 69?
True
Does 27 divide 2248?
False
Is 33 a factor of 49054?
False
Does 92 divide 2944?
True
Is 92353 a multiple of 292?
False
Is 2697 a multiple of 10?
False
Is 18 a factor of 990?
True
Is 5775 a multiple of 8?
False
Is 5 a factor of 943?
False
Is 25 a factor of 1403?
False
Is 22 a factor of 1254?
True
Is 56 a factor of 1176?
True
Is 9856 a multiple of 44?
True
Is 13418 a multiple of 49?
False
Is 53301 a multiple of 163?
True
Does 18 divide 89?
False
Is 16800 a multiple of 24?
True
Does 241 divide 15424?
True
Is 3 a factor of 65?
False
Does 163 divide 28688?
True
Is 9020 a multiple of 10?
True
Does 16 divide 1070?
False
Is 2129 a multiple of 15?
False
Does 57 divide 7467?
True
Is 33 a factor of 18397?
False
Does 84 divide 8316?
True
Is 12 a factor of 4500?
True
Does 38 divide 4759?
False
Does 15 divide 493?
False
Is 3 a factor of 1630?
False
Does 21 divide 4462?
False
Is 25 a factor of 10030?
False
Is 432 a multiple of 8?
True
Is 2 a factor of 157?
False
Is 2